{"id":32,"date":"2015-02-11T13:37:25","date_gmt":"2015-02-11T13:37:25","guid":{"rendered":"http:\/\/rainer-rubbert.de\/wordpress\/?page_id=32"},"modified":"2020-08-10T09:54:22","modified_gmt":"2020-08-10T09:54:22","slug":"vie-et-oevre","status":"publish","type":"page","link":"https:\/\/rainer-rubbert.de\/wordpress\/vita\/vie-et-oevre\/","title":{"rendered":"Biographie &#8211; Franc\u0327ais"},"content":{"rendered":"<figure id=\"attachment_15\" aria-describedby=\"caption-attachment-15\" style=\"width: 202px\" class=\"wp-caption alignright\"><a href=\"http:\/\/rainer-rubbert.de\/wordpress\/wp-content\/uploads\/2015\/02\/Rubbert_Foto-Susanne-Schleyer.jpg.2008.jpg\"><img loading=\"lazy\" decoding=\"async\" class=\"wp-image-15 size-medium\" src=\"http:\/\/rainer-rubbert.de\/wordpress\/wp-content\/uploads\/2015\/02\/Rubbert_Foto-Susanne-Schleyer.jpg.2008-202x300.jpg\" alt=\"Rainer Rubbert, Foto: Susanne Schleyer\" width=\"202\" height=\"300\" srcset=\"https:\/\/rainer-rubbert.de\/wordpress\/wp-content\/uploads\/2015\/02\/Rubbert_Foto-Susanne-Schleyer.jpg.2008-202x300.jpg 202w, https:\/\/rainer-rubbert.de\/wordpress\/wp-content\/uploads\/2015\/02\/Rubbert_Foto-Susanne-Schleyer.jpg.2008.jpg 233w\" sizes=\"(max-width: 202px) 100vw, 202px\" \/><\/a><figcaption id=\"caption-attachment-15\" class=\"wp-caption-text\">Photo: Susanne Schleyer<\/figcaption><\/figure>\n<p>N\u00e9 \u00e0 Erlangen en 1957, <strong>Rainer Rubbert<\/strong> a grandi \u00e0 Berlin.<\/p>\n<p>De <strong>1975 \u00e0 1981<\/strong>, il a \u00e9tudi\u00e9 la composition musicale \u00e0 l\u2019\u00c9cole sup\u00e9rieure (aujourd\u2019hui\u00a0: Universit\u00e9) des beaux-arts de Berlin (HdK) sous la direction du professeur Witold Szalonek, ma\u00eetre dont la radicalit\u00e9 &#8211; r\u00e9soudre les pr\u00e9tendues contradictions entre mat\u00e9riau musical avanc\u00e9, coh\u00e9rence dans la composition et libert\u00e9 dans l\u2019expression\u00a0&#8211; l\u2019a sensiblement influenc\u00e9.<\/p>\n<p>Rainer Rubbert a remport\u00e9 de nombreux concours de composition et obtenu maints prix et distinctions.<\/p>\n<p>En <strong>1979<\/strong>, il a re\u00e7u le Prix Marcel Josse de l&#8217;Association des saxophonistes fran\u00e7ais. Plusieurs de ses \u0153uvres de jeunesse ont \u00e9t\u00e9 jou\u00e9es lors de festivals internationaux tels que la Internationale Gaudeamus Musikwoche (Pays-Bas, <strong>1980<\/strong>) et le Forum international de musique contemporaine (Varsovie, <strong>1985<\/strong>).<br \/>\nEn <strong>1984<\/strong>, il fut laur\u00e9at de l&#8217;Office franco-allemand pour la jeunesse et en <strong>1985<\/strong> du\u00a0Forum allemand des jeunes compositeurs de musique symphonique, \u00e0 l&#8217;occasion duquel l&#8217;Orchestre philharmonique de Berlin a cr\u00e9\u00e9 ses <em>Bewegungen<\/em>.<br \/>\nEn 1<strong>986-1987<\/strong>, une bourse du gouvernement f\u00e9d\u00e9ral allemand lui permit de s\u00e9journer \u00e0 la Cit\u00e9 Internationale des Arts de Paris.<br \/>\nEn <strong>1988<\/strong> et en <strong>1991<\/strong>, Rainer Rubbert obtint la bourse de composition du S\u00e9nat de Berlin et les \u0153uvres qu\u2019il composa \u00e0 cette occasion furent cr\u00e9\u00e9es par le Scharoun-Ensemble.<br \/>\nEn <strong>1989<\/strong>, son quintette \u00e0 vent\u00a0<em>&#8230;des lignes raides fuient dans la nuit\u00a0<\/em> remporta le 2e prix du Concours international de composition de Budapest.<br \/>\nEn <strong>1992<\/strong>, l&#8217;Acad\u00e9mie des beaux-arts de Berlin lui d\u00e9cerna le Kunstpreis Berlin.<br \/>\n\u00c0 l&#8217;automne <strong>2002<\/strong>, il fut pensionnaire de l&#8217;Acad\u00e9mie des beaux-arts de Berlin \u00e0 la Villa Serpentara d\u2019Ol\u00e9vano Romano (Italie).<br \/>\nEn juin <strong>2007<\/strong>, sa cantate<em> Aus der Fremde<\/em> a re\u00e7u le Prix Carl-von-Ossietzky du Concours international de composition de l\u2019Universit\u00e9 d\u2019Oldenbourg.<\/p>\n<p>Le premier op\u00e9ra de Rainer Rubbert,<em> Kleist<\/em> (livret de Tanja Langer), a \u00e9t\u00e9 cr\u00e9\u00e9 en mars 2008 au th\u00e9\u00e2tre de Brandebourg, dans une mise en sc\u00e8ne de Bernd Mottl, l\u2019orchestre des Brandenburger Symphoniker \u00e9tant plac\u00e9 sous la direction de Michael Helmrath. L\u2019op\u00e9ra fut par la suite repris au Th\u00e9\u00e2tre Hans-Otto de Potsdam et au Kleist-Forum de Francfort-sur-l\u2019Oder.<\/p>\n<p>En <strong>2012<\/strong>, sa <em>Musique pour d\u00e9courager les rossignols<\/em> a remport\u00e9 le premier prix du concours international de composition mare nostrum, Premio Citt\u00e0 di Fossacesia.<br \/>\nEn <strong>2013<\/strong>, lui a \u00e9t\u00e9 conf\u00e9r\u00e9 le c\u00e9l\u00e8bre Deutscher Musikautorenpreis (\u00ab\u00a0Prix allemand des auteurs de musique\u00a0\u00bb).<br \/>\nEn <strong>2016 <\/strong>il obtint une bourse de composition du S\u00e9nat de Berlin.<\/p>\n<p>Les \u0153uvres de Rainer Rubbert sont fr\u00e9quemment jou\u00e9es, autant lors des festivals berlinois de musique contemporaine tels que <em>Klangwerkstatt, Randspiele, Kryptonale, Ohrenstrand<\/em> ou <em>Pyramidale<\/em>, qu\u2019ailleurs\u00a0:<br \/>\nau <em>Festival de printemps de Budapest (1989)\u00a0;<\/em> au \u00a0<em>Rainbow Music Festival de Katowice (1989)\u00a0; <\/em>lors de l&#8216;<em> Automne de Schreyahn (1990)\u00a0; <\/em>lors de l&#8216;<em>International Rostrum of Composers (Paris, 1991)\u00a0;<\/em> aux\u00a0<em>Inventionen de Berlin (1992)\u00a0; <\/em>au<em> Festival international des villes mozartiennes (Salzbourg, 1992)\u00a0; <\/em>au<em> Festival Schoenberg de Duisbourg (1993)\u00a0; <\/em>au<em> Silesian Art Festival (1995)\u00a0; <\/em>\u00e0 l&#8216;<em>Audio Art Festival (Cracovie, 1995)\u00a0; <\/em>au<em> Festival des musiques d&#8217;aujourd&#8217;hui (Marseille, 1995)\u00a0; <\/em>aux<em> Journ\u00e9es de musique contemporaine (Wurzbourg, 1997)\u00a0; <\/em>\u00e0 \u00a0<em>antasten (Heilbronn, 1999)\u00a0; <\/em>\u00e0 l&#8216;<em>Exposition universelle de Hanovre (2000)\u00a0; <\/em>au<em> Festival INFront (Aix-la-Chapelle, 2003)\u00a0; <\/em>au<em> Tirana Autumn 2003\u00a0; <\/em>au<em> Chengdu International Contemporary Music Festival (2004)\u00a0; <\/em>lors de la <em>Novembermusic (Essen, 2006)\u00a0; <\/em>aux<em> Nuovi spazi musicali (Rome, 2009)\u00a0; <\/em>au<em> Generator #16 (Z\u00fcrich, 2009)\u00a0; <\/em>au<em> KlangZeitFestival (M\u00fcnster, 2010)\u00a0; <\/em>\u00e0 la<em> Musica in mostra (Turin, 2011 et 2012)\u00a0; <\/em>aux <em>22e \u015awi\u0229tokrzyskie dni muzyki (Kielce, 2014)\u00a0; <\/em>dans le cadre d\u2019<em>Ultima &#8211; Oslo Contemporary Music Festival (Oslo, 2014)<\/em>, au<em> Kharkiv contemporary Music Festival (Ukraine 2016),\u00a0 <\/em>au <em>Perm International Contemporary Music Festival (Russie 2016), <\/em>au <em>Festiwal Muzyki Wsp\u00f3lczesnej Gdansk, Slaskie Dni Muzyki Wsp\u00f3czesnej (Pologne 2016), \u00e0 la <\/em><em>Musiche in monstra G\u00eanes (2016) <\/em><i>Ulan Ude Contemporary Music Festival (Russie 2017) <\/i><span style=\"display: inline !important; float: none; background-color: transparent; color: #141412; font-family: 'Source Sans Pro',Helvetica,sans-serif; font-size: 16px; font-style: normal; font-variant: normal; font-weight: 400; letter-spacing: normal; orphans: 2; text-align: left; text-decoration: none; text-indent: 0px; text-transform: none; -webkit-text-stroke-width: 0px; white-space: normal; word-spacing: 0px;\">et aux <em>Internationale Ferienkurse f\u00fcr Neue Musik, Darmstadt 2018, Two Days and Two Nights of New Music 2D2N 2021 (Odessa, Ukraine) \u00a0 <\/em><\/span>ainsi qu\u2019en Moldavie, en Cor\u00e9e du sud, en Chine, au Japon, aux \u00c9tats-Unis et au Br\u00e9sil.<\/p>\n<p>Des concerts-portraits lui ont d\u00e9j\u00e0 \u00e9t\u00e9 consacr\u00e9s \u00e0 Paris en 1987, \u00e0 Nuremberg en 2003, \u00e0 Rome en 2004 (avec Nicola Sani), \u00e0 Sofia en 2012, \u00e0 Berlin en 2013 et \u00e0 Heringsdorf en 2014 et \u00e0 Munich en 2015.<\/p>\n<p>Rainer Rubbert vit \u00e0 Berlin.<\/p>\n<p>En <strong>1989<\/strong>, il a fond\u00e9 Unerh\u00f6rte Musik (\u00ab Musique inou\u00efe \u00bb), s\u00e9rie hebdomadaire de concerts de musique contemporaine qui ont lieu au BKA (Berliner Kabarett Anstalt). Il en est toujours le directeur artistique, ensemble avec le compositeur Martin Daske. Depuis trente ans, Unerh\u00f6rte Musik a donn\u00e9 environ 1500 concerts et a permis la cr\u00e9ation de plus de 1400 \u0153uvres.<\/p>\n<p>Rainer Rubbert est membre de l&#8217;association de compositeurs Atonale e.V..<\/p>\n<p><strong>\u00c9ditions\u00a0:<\/strong><br \/>\nUne partie des \u0153uvres de Rainer Rubbert a \u00e9t\u00e9 publi\u00e9e par <em>Editio Musica (Budapest)<\/em>, par le <em>Verlag Neue Musik (Berlin)<\/em> et par M<em>AP Edizioni musicali di Milano<\/em>.<br \/>\nL\u2019op\u00e9ra Kleist et le cycle de lieder K\u00fcnstlerinnen l\u2019ont \u00e9t\u00e9 par la maison\u00a0<em>Ries &amp; Erler Berlin<\/em>.<br \/>\nDepuis 2017 ses\u00a0\u0153vres sont publi\u00e9es par\u00a0<em>edition gravis<\/em>.<\/p>\n<p>&nbsp;<\/p>\n<p>&nbsp;<\/p>\n<p><strong>Version courte<\/strong><\/p>\n<p><strong>Rainer Rubbert<\/strong>, n\u00e9 \u00e0 Erlangen en 1957, a grandi \u00e0 Berlin.<br \/>\nDe <strong>1975 \u00e0 1981<\/strong>, il a \u00e9tudi\u00e9 la composition musicale \u00e0 l\u2019\u00c9cole sup\u00e9rieure (aujourd\u2019hui\u00a0: Universit\u00e9) des beaux-arts de Berlin sous la direction du professeur Witold Szalonek, ma\u00eetre dont la radicalit\u00e9 &#8211; r\u00e9soudre les pr\u00e9tendues contradictions entre mat\u00e9riau musical avanc\u00e9, coh\u00e9rence dans la composition et libert\u00e9 dans l\u2019expression\u00a0&#8211; l\u2019a sensiblement influenc\u00e9.<br \/>\nRainer Rubbert a remport\u00e9 de nombreux prix et distinctions, notamment le Prix Marcel Josse en\u00a0<strong>1979<\/strong>, le Prix de composition de Budapest en\u00a0<strong>1989<\/strong>, le Kunstpreis Berlin en <strong>1992<\/strong>, le Prix de composition Carl-von-Ossietzky en <strong>2007<\/strong>, le Prix de la Cit\u00e9 de Fossacesia en <strong>2012<\/strong>. Il a \u00e9t\u00e9 pensionnaire du gouvernement f\u00e9d\u00e9ral \u00e0 la Cit\u00e9 des Arts de Paris <strong>1986-1987<\/strong> et de l\u2019Acad\u00e9mie des beaux-arts de Berlin \u00e0 la Villa Serpentara d\u2019Ol\u00e9vano Romano en <strong>2002<\/strong>.<br \/>\nEn <strong>1989<\/strong>, il fut l\u2019un des fondateurs de Unerh\u00f6rte Musik (\u00ab\u00a0Musique inou\u00efe\u00a0\u00bb), s\u00e9rie berlinoise de concerts hebdomadaires de musique contemporaine, dont il est encore un des directeurs artistiques.<br \/>\nEn <strong>2008<\/strong> a \u00e9t\u00e9 repr\u00e9sent\u00e9 son premier op\u00e9ra, Kleist (livret de Tanja Langer).<br \/>\nEn <strong>2013<\/strong>, le Deutscher Musikautorenpreis lui a \u00e9t\u00e9 d\u00e9cern\u00e9.<br \/>\nRainer Rubbert vit et travaille \u00e0 Berlin.<\/p>\n","protected":false},"excerpt":{"rendered":"<p>N\u00e9 \u00e0 Erlangen en 1957, Rainer Rubbert a grandi \u00e0 Berlin. De 1975 \u00e0 1981, il a \u00e9tudi\u00e9 la composition musicale \u00e0 l\u2019\u00c9cole sup\u00e9rieure (aujourd\u2019hui\u00a0: Universit\u00e9) des beaux-arts de Berlin (HdK) sous la direction du professeur Witold Szalonek, ma\u00eetre dont la radicalit\u00e9 &#8211; r\u00e9soudre les pr\u00e9tendues contradictions entre mat\u00e9riau musical avanc\u00e9, coh\u00e9rence dans la composition &hellip; <a href=\"https:\/\/rainer-rubbert.de\/wordpress\/vita\/vie-et-oevre\/\" class=\"more-link\"><span class=\"screen-reader-text\">Biographie &#8211; Franc\u0327ais<\/span> weiterlesen <span class=\"meta-nav\">&rarr;<\/span><\/a><\/p>\n","protected":false},"author":1,"featured_media":0,"parent":14,"menu_order":0,"comment_status":"closed","ping_status":"open","template":"","meta":{"footnotes":""},"_links":{"self":[{"href":"https:\/\/rainer-rubbert.de\/wordpress\/wp-json\/wp\/v2\/pages\/32"}],"collection":[{"href":"https:\/\/rainer-rubbert.de\/wordpress\/wp-json\/wp\/v2\/pages"}],"about":[{"href":"https:\/\/rainer-rubbert.de\/wordpress\/wp-json\/wp\/v2\/types\/page"}],"author":[{"embeddable":true,"href":"https:\/\/rainer-rubbert.de\/wordpress\/wp-json\/wp\/v2\/users\/1"}],"replies":[{"embeddable":true,"href":"https:\/\/rainer-rubbert.de\/wordpress\/wp-json\/wp\/v2\/comments?post=32"}],"version-history":[{"count":18,"href":"https:\/\/rainer-rubbert.de\/wordpress\/wp-json\/wp\/v2\/pages\/32\/revisions"}],"predecessor-version":[{"id":1902,"href":"https:\/\/rainer-rubbert.de\/wordpress\/wp-json\/wp\/v2\/pages\/32\/revisions\/1902"}],"up":[{"embeddable":true,"href":"https:\/\/rainer-rubbert.de\/wordpress\/wp-json\/wp\/v2\/pages\/14"}],"wp:attachment":[{"href":"https:\/\/rainer-rubbert.de\/wordpress\/wp-json\/wp\/v2\/media?parent=32"}],"curies":[{"name":"wp","href":"https:\/\/api.w.org\/{rel}","templated":true}]}}

<figure id="attachment_15" aria-describedby="caption-attachment-15" style="width: 202px" class="wp-caption alignright"><a href="http://rainer-rubbert.de/wordpress/wp-content/uploads/2015/02/Rubbert_Foto-Susanne-Schleyer.jpg.2008.jpg"><img loading="lazy" decoding="async" class="wp-image-15 size-medium" src="http://rainer-rubbert.de/wordpress/wp-content/uploads/2015/02/Rubbert_Foto-Susanne-Schleyer.jpg.2008-202x300.jpg" alt="Rainer Rubbert, Foto: Susanne Schleyer" width="202" height="300" srcset="https://rainer-rubbert.de/wordpress/wp-content/uploads/2015/02/Rubbert_Foto-Susanne-Schleyer.jpg.2008-202x300.jpg 202w, https://rainer-rubbert.de/wordpress/wp-content/uploads/2015/02/Rubbert_Foto-Susanne-Schleyer.jpg.2008.jpg 233w" sizes="(max-width: 202px) 100vw, 202px" /></a><figcaption id="caption-attachment-15" class="wp-caption-text">Photo: Susanne Schleyer</figcaption></figure>
<p>Né à Erlangen en 1957, <strong>Rainer Rubbert</strong> a grandi à Berlin.</p>
<p>De <strong>1975 à 1981</strong>, il a étudié la composition musicale à l’École supérieure (aujourd’hui : Université) des beaux-arts de Berlin (HdK) sous la direction du professeur Witold Szalonek, maître dont la radicalité &#8211; résoudre les prétendues contradictions entre matériau musical avancé, cohérence dans la composition et liberté dans l’expression &#8211; l’a sensiblement influencé.</p>
<p>Rainer Rubbert a remporté de nombreux concours de composition et obtenu maints prix et distinctions.</p>
<p>En <strong>1979</strong>, il a reçu le Prix Marcel Josse de l&#8217;Association des saxophonistes français. Plusieurs de ses œuvres de jeunesse ont été jouées lors de festivals internationaux tels que la Internationale Gaudeamus Musikwoche (Pays-Bas, <strong>1980</strong>) et le Forum international de musique contemporaine (Varsovie, <strong>1985</strong>).<br />
En <strong>1984</strong>, il fut lauréat de l&#8217;Office franco-allemand pour la jeunesse et en <strong>1985</strong> du Forum allemand des jeunes compositeurs de musique symphonique, à l&#8217;occasion duquel l&#8217;Orchestre philharmonique de Berlin a créé ses <em>Bewegungen</em>.<br />
En 1<strong>986-1987</strong>, une bourse du gouvernement fédéral allemand lui permit de séjourner à la Cité Internationale des Arts de Paris.<br />
En <strong>1988</strong> et en <strong>1991</strong>, Rainer Rubbert obtint la bourse de composition du Sénat de Berlin et les œuvres qu’il composa à cette occasion furent créées par le Scharoun-Ensemble.<br />
En <strong>1989</strong>, son quintette à vent <em>&#8230;des lignes raides fuient dans la nuit </em> remporta le 2e prix du Concours international de composition de Budapest.<br />
En <strong>1992</strong>, l&#8217;Académie des beaux-arts de Berlin lui décerna le Kunstpreis Berlin.<br />
À l&#8217;automne <strong>2002</strong>, il fut pensionnaire de l&#8217;Académie des beaux-arts de Berlin à la Villa Serpentara d’Olévano Romano (Italie).<br />
En juin <strong>2007</strong>, sa cantate<em> Aus der Fremde</em> a reçu le Prix Carl-von-Ossietzky du Concours international de composition de l’Université d’Oldenbourg.</p>
<p>Le premier opéra de Rainer Rubbert,<em> Kleist</em> (livret de Tanja Langer), a été créé en mars 2008 au théâtre de Brandebourg, dans une mise en scène de Bernd Mottl, l’orchestre des Brandenburger Symphoniker étant placé sous la direction de Michael Helmrath. L’opéra fut par la suite repris au Théâtre Hans-Otto de Potsdam et au Kleist-Forum de Francfort-sur-l’Oder.</p>
<p>En <strong>2012</strong>, sa <em>Musique pour décourager les rossignols</em> a remporté le premier prix du concours international de composition mare nostrum, Premio Città di Fossacesia.<br />
En <strong>2013</strong>, lui a été conféré le célèbre Deutscher Musikautorenpreis (« Prix allemand des auteurs de musique »).<br />
En <strong>2016 </strong>il obtint une bourse de composition du Sénat de Berlin.</p>
<p>Les œuvres de Rainer Rubbert sont fréquemment jouées, autant lors des festivals berlinois de musique contemporaine tels que <em>Klangwerkstatt, Randspiele, Kryptonale, Ohrenstrand</em> ou <em>Pyramidale</em>, qu’ailleurs :<br />
au <em>Festival de printemps de Budapest (1989) ;</em> au  <em>Rainbow Music Festival de Katowice (1989) ; </em>lors de l&#8216;<em> Automne de Schreyahn (1990) ; </em>lors de l&#8216;<em>International Rostrum of Composers (Paris, 1991) ;</em> aux <em>Inventionen de Berlin (1992) ; </em>au<em> Festival international des villes mozartiennes (Salzbourg, 1992) ; </em>au<em> Festival Schoenberg de Duisbourg (1993) ; </em>au<em> Silesian Art Festival (1995) ; </em>à l&#8216;<em>Audio Art Festival (Cracovie, 1995) ; </em>au<em> Festival des musiques d&#8217;aujourd&#8217;hui (Marseille, 1995) ; </em>aux<em> Journées de musique contemporaine (Wurzbourg, 1997) ; </em>à  <em>antasten (Heilbronn, 1999) ; </em>à l&#8216;<em>Exposition universelle de Hanovre (2000) ; </em>au<em> Festival INFront (Aix-la-Chapelle, 2003) ; </em>au<em> Tirana Autumn 2003 ; </em>au<em> Chengdu International Contemporary Music Festival (2004) ; </em>lors de la <em>Novembermusic (Essen, 2006) ; </em>aux<em> Nuovi spazi musicali (Rome, 2009) ; </em>au<em> Generator #16 (Zürich, 2009) ; </em>au<em> KlangZeitFestival (Münster, 2010) ; </em>à la<em> Musica in mostra (Turin, 2011 et 2012) ; </em>aux <em>22e Świȩtokrzyskie dni muzyki (Kielce, 2014) ; </em>dans le cadre d’<em>Ultima &#8211; Oslo Contemporary Music Festival (Oslo, 2014)</em>, au<em> Kharkiv contemporary Music Festival (Ukraine 2016),  </em>au <em>Perm International Contemporary Music Festival (Russie 2016), </em>au <em>Festiwal Muzyki Wspólczesnej Gdansk, Slaskie Dni Muzyki Wspóczesnej (Pologne 2016), à la </em><em>Musiche in monstra Gênes (2016) </em><i>Ulan Ude Contemporary Music Festival (Russie 2017) </i><span style="display: inline !important; float: none; background-color: transparent; color: #141412; font-family: 'Source Sans Pro',Helvetica,sans-serif; font-size: 16px; font-style: normal; font-variant: normal; font-weight: 400; letter-spacing: normal; orphans: 2; text-align: left; text-decoration: none; text-indent: 0px; text-transform: none; -webkit-text-stroke-width: 0px; white-space: normal; word-spacing: 0px;">et aux <em>Internationale Ferienkurse für Neue Musik, Darmstadt 2018, Two Days and Two Nights of New Music 2D2N 2021 (Odessa, Ukraine)   </em></span>ainsi qu’en Moldavie, en Corée du sud, en Chine, au Japon, aux États-Unis et au Brésil.</p>
<p>Des concerts-portraits lui ont déjà été consacrés à Paris en 1987, à Nuremberg en 2003, à Rome en 2004 (avec Nicola Sani), à Sofia en 2012, à Berlin en 2013 et à Heringsdorf en 2014 et à Munich en 2015.</p>
<p>Rainer Rubbert vit à Berlin.</p>
<p>En <strong>1989</strong>, il a fondé Unerhörte Musik (« Musique inouïe »), série hebdomadaire de concerts de musique contemporaine qui ont lieu au BKA (Berliner Kabarett Anstalt). Il en est toujours le directeur artistique, ensemble avec le compositeur Martin Daske. Depuis trente ans, Unerhörte Musik a donné environ 1500 concerts et a permis la création de plus de 1400 œuvres.</p>
<p>Rainer Rubbert est membre de l&#8217;association de compositeurs Atonale e.V..</p>
<p><strong>Éditions :</strong><br />
Une partie des œuvres de Rainer Rubbert a été publiée par <em>Editio Musica (Budapest)</em>, par le <em>Verlag Neue Musik (Berlin)</em> et par M<em>AP Edizioni musicali di Milano</em>.<br />
L’opéra Kleist et le cycle de lieder Künstlerinnen l’ont été par la maison <em>Ries &amp; Erler Berlin</em>.<br />
Depuis 2017 ses œvres sont publiées par <em>edition gravis</em>.</p>
<p>&nbsp;</p>
<p>&nbsp;</p>
<p><strong>Version courte</strong></p>
<p><strong>Rainer Rubbert</strong>, né à Erlangen en 1957, a grandi à Berlin.<br />
De <strong>1975 à 1981</strong>, il a étudié la composition musicale à l’École supérieure (aujourd’hui : Université) des beaux-arts de Berlin sous la direction du professeur Witold Szalonek, maître dont la radicalité &#8211; résoudre les prétendues contradictions entre matériau musical avancé, cohérence dans la composition et liberté dans l’expression &#8211; l’a sensiblement influencé.<br />
Rainer Rubbert a remporté de nombreux prix et distinctions, notamment le Prix Marcel Josse en <strong>1979</strong>, le Prix de composition de Budapest en <strong>1989</strong>, le Kunstpreis Berlin en <strong>1992</strong>, le Prix de composition Carl-von-Ossietzky en <strong>2007</strong>, le Prix de la Cité de Fossacesia en <strong>2012</strong>. Il a été pensionnaire du gouvernement fédéral à la Cité des Arts de Paris <strong>1986-1987</strong> et de l’Académie des beaux-arts de Berlin à la Villa Serpentara d’Olévano Romano en <strong>2002</strong>.<br />
En <strong>1989</strong>, il fut l’un des fondateurs de Unerhörte Musik (« Musique inouïe »), série berlinoise de concerts hebdomadaires de musique contemporaine, dont il est encore un des directeurs artistiques.<br />
En <strong>2008</strong> a été représenté son premier opéra, Kleist (livret de Tanja Langer).<br />
En <strong>2013</strong>, le Deutscher Musikautorenpreis lui a été décerné.<br />
Rainer Rubbert vit et travaille à Berlin.</p>

<p>Né à Erlangen en 1957, Rainer Rubbert a grandi à Berlin. De 1975 à 1981, il a étudié la composition musicale à l’École supérieure (aujourd’hui : Université) des beaux-arts de Berlin (HdK) sous la direction du professeur Witold Szalonek, maître dont la radicalité &#8211; résoudre les prétendues contradictions entre matériau musical avancé, cohérence dans la composition &hellip; <a href="https://rainer-rubbert.de/wordpress/vita/vie-et-oevre/" class="more-link"><span class="screen-reader-text">Biographie &#8211; Français</span> weiterlesen <span class="meta-nav">&rarr;</span></a></p>
